 z - 19. What is the remainder when 20 - 0/((-2)/(-1)) is divided by k?
6
Let q(l) = l**3 + 7*l**2 + 4*l - 6. What is the remainder when 95 is divided by q(-5)?
23
Suppose -3*h + 1680 = 7*h. What is the remainder when h is divided by 19?
16
Let i = -7 - -13. Suppose -85 = h - i*h. Let v(a) = 6*a**2 - 2*a + 2. What is the remainder when v(3) is divided by h?
16
Suppose -15 = -3*x + 21. Suppose a - 59 = -x. What is the remainder when a is divided by 16?
15
Let f = -105 - -341. Calculate the remainder when f is divided by 17.
15
Let x(k) be the first derivative of 4*k**2 - 2*k - 6. Calculate the remainder when x(1) is divided by 5.
1
Let v(x) = -39*x. Calculate the remainder when v(-2) is divided by 27.
24
Let t = 4 + 10. Calculate the remainder when 54 is divided by t.
12
Suppose 4*m - 26 = 50. Let x be m + -1 - (-2)/2. Suppose -3*k = -x - 14. What is the remainder when 31 is divided by k?
9
Suppose 7 + 153 = 4*g. Suppose 3*u - g = u. What is the remainder when 57 is divided by u?
17
Let c(t) = 32*t**2 - t + 1. What is the remainder when 125 is divided by c(1)?
29
Suppose 5 = -3*l + 4*q, -8 = -3*l - 5*q - 49. Let f(j) = 6*j - 9 - 8*j**2 + 6 + 2*j**2 - j**3 - 2. Calculate the remainder when 4 is divided by f(l).
0
Let r(j) = j**3 + 13*j**2 + 4*j + 2. What is the remainder when r(-5) is divided by 46?
44
Let h = -14 - -18. What is the remainder when 9 is divided by h?
1
Let j = -24 - -46. Suppose 28 = 3*c - 4*t, 5*c + 8*t - 3*t = 70. What is the remainder when j is divided by c?
10
Suppose -109 + 29 = -4*r. Calculate the remainder when 57 is divided by r.
17
Suppose 3*f - 5*f = r - 19, -5*f - 3*r + 48 = 0. What is the remainder when f is divided by 3?
0
Let l(u) be the third derivative of -u**6/120 + u**5/60 + u**4/24 + 7*u**3/6 - 6*u**2. Calculate the remainder when 18 is divided by l(0).
4
Let i = 6 + -6. Suppose s = -3*q + 40, i*q + 4*s - 17 = -q. Calculate the remainder when 37 is divided by q.
11
Suppose -21*f + 20*f = -52. What is the remainder when f is divided by 28?
24
Suppose -3*t = -0*t + 18. Calculate the remainder when (1 + 2)/((-2)/t) is divided by 5.
4
Suppose 72 = -2*r + 5*r - s, r - 3*s - 32 = 0. Calculate the remainder when r is divided by 7.
2
Suppose 5*a - 6 = -2*b, 4*a - 5*b - 12 = 6. Suppose 0 = a*r - 2, -4*r + 33 = -4*j + 5*j. What is the remainder when j is divided by 15?
14
Let h = -44 + 66. Calculate the remainder when h is divided by 13.
9
Suppose 2*n = 10, 2*g - 29 = -2*n + 5*n. Let y = g + -14. What is the remainder when 13 is divided by y?
5
Let a = 61 - 37. Suppose -2*s = -2*y - a - 44, -3*y = 2*s - 48. Suppose 3*r - 50 = -i, -4*r = -5*r - 3*i + s. Calculate the remainder when r is divided by 8.
7
Suppose -15 = 5*k, 0*s + k - 232 = -5*s. Suppose -2*u + 0*u + 32 = 0. Calculate the remainder when s is divided by u.
15
Suppose 0 = -j - j + 42. What is the remainder when j is divided by (-14)/(-21)*(8 - -4)?
5
Let g(a) = -5*a - 5. Let w = 39 - 32. Calculate the remainder when g(-5) is divided by w.
6
What is the remainder when ((-6)/12 + 2)*24 is divided by 5?
1
Suppose -l + 3 = -3*j, 3*l = -2*j + 2*l + 3. Suppose -4*z + 28 + 8 = j. Let b = 35 + -19. What is the remainder when b is divided by z?
7
Suppose h = 3*h - 68. Calculate the remainder when 62 is divided by h.
28
Suppose -5*u - 113 = -2*x, -2*x = -4*x - 3*u + 121. What is the remainder when x is divided by 2/4*480/12?
19
Suppose -4*c + 12 + 20 = 0. Let a(s) = -s**3 - 7*s**2 - 7*s + 7. What is the remainder when a(-6) is divided by c?
5
Let i be 0 + 1 - 38/(-2). Suppose 0 = 4*w - 2*w - i. Calculate the remainder when w is divided by -4*(-1 + 1 + -1).
2
Let m = -21 + 13. Let o(k) = -k**2 - 13*k - 9. What is the remainder when o(m) is divided by 11?
9
Let w = -59 - -94. What is the remainder when w is divided by 13?
9
Suppose -3*v + 560 = 4*v. Calculate the remainder when v is divided by 21.
17
Let p(u) = u**2 - 4 + 6*u + 3 + u + 3. Let k be p(-7). Suppose -m = 5*f - k*m - 35, -5*f + 25 = -3*m. Calculate the remainder when f is divided by 3.
2
Let i(v) = v**2 - 21*v + 13. Calculate the remainder when 25 is divided by i(21).
12
Let p = 201 + -345. Let j = 260 + p. Suppose 0 = -3*k - 4*n + j + 24, -216 = -4*k + 2*n. What is the remainder when k is divided by 18?
16
What is the remainder when 14/63 - 241/(-9) is divided by 15?
12
Suppose 3*i + k = 24, i - k = -4*i + 32. Let n = 14 + -7. Suppose 29 = 2*s - n. Calculate the remainder when s is divided by i.
4
Suppose 0 - 3 = -j. Let z = -4 - 1. What is the remainder when z/20 - 21/(-4) is divided by j?
2
Let f(c) = -c**2 - 10*c + 4. What is the remainder when 14 is divided by f(-10)?
2
Let z be 9/(6 - 3) + -3. Calculate the remainder when z + 0/4 + 36 is divided by 0 + (-19)/2*-2.
17
Let z(s) = -7*s + 2*s - s**2 - 2*s. Calculate the remainder when 29 is divided by z(-5).
9
Let g be 2/(-6)*11*-9. Suppose 5*r = -l + 48, 2*l + 7 - g = 4*r. Suppose -2*w = 1 - l. Calculate the remainder when w is divided by 6.
5
Let o(w) = 3*w + 4. Let t be o(6). Let c = t - 10. What is the remainder when 35 is divided by c?
11
Suppose -7 = 2*w + 1. Let g(z) = -z**3 + 7*z**2 - 5*z - 3. Let n be g(6). Calculate the remainder when (-77)/w - n/12 is divided by 10.
9
Suppose 3*c = 7*c - 176. What is the remainder when c is divided by 23?
21
Let q = 18 - -14. What is the remainder when q is divided by 19?
13
Let d(l) = 5*l**2 - 1. Let m be d(6). Let a = m - 109. What is the remainder when a is divided by 18?
16
Calculate the remainder when 5044/78 + (-2)/3 is divided by (-178)/(-8) + 1/(-4).
20
Let p(u) = 8*u + u**3 - 1 + 3 - 10*u**2 + u**2. What is the remainder when 5 is divided by p(8)?
1
Let d(x) = -x**3 + 6*x**2 + x + 6. Let o(u) = u**2 + u + 6. Let n be o(0). Let t = 3 + 19. Calculate the remainder when t is divided by d(n).
10
Suppose -3*h - 2*h = 5. What is the remainder when h/(-4) + 87/4 is divided by 12?
10
Let k = 18 - 13. Let o = k - 7. Calculate the remainder when 46 is divided by (-98)/(-4) + 1/o.
22
What is the remainder when -1 + (-2)/1 + 52 is divided by 13?
10
Let y(n) = 57*n + 2. What is the remainder when y(1) is divided by 12?
11
Let d be 299 - (-1 - (0 - 0)). Suppose -i = 4*i - d. Let w = i - 43. What is the remainder when 49 is divided by w?
15
Suppose 19*c - 135 = 16*c. Calculate the remainder when 86 is divided by c.
41
Suppose 5*f = 5*g + 165, 0*g = 3*f + 2*g - 109. Suppose 0 = -a - 4*a + f. Calculate the remainder when 12 is divided by a.
5
Let w(f) = -f**3 - 2*f**2 + f + 1. Let n be w(-4). Let o = -18 + n. Calculate the remainder when 21 is divided by o.
10
Let g(o) = -o**2 + 8*o + 6. Suppose -c + 6 = -0. Calculate the remainder when g(5) is divided by c.
3
Suppose 4*d = 3*t, 5*t + 0*d - 4*d = 8. Calculate the remainder when 11 is divided by t.
3
Let v be (3/2)/((-3)/(-44)). Suppose 0 = 5*b - v - 38. Let a = 18 + -11. Calculate the remainder when b is divided by a.
5
Suppose -3*u - 2*u + 2*w = -30, 0 = 3*u - 5*w - 18. Let j be 5 + -1 - (3 + -2). Suppose -j - 18 = -o. What is the remainder when o is divided by u?
3
Suppose 2*x + 5*s = 4, 2 = 5*x + 3*s - 8. Let g = x + 0. Let y(h) = -2*h - 2. Calculate the remainder when y(-2) is divided by g.
0
Let t = 47 - 29. Calculate the remainder when 52 is divided by t.
16
Let p(a) = 3*a**2 + 12*a - 3. Suppose -3*b + 85 = 2*b. Calculate the remainder when p(-6) is divided by b.
16
Let p = 71 - 55. What is the remainder when p is divided by 11?
5
Let m = 18 - 25. Suppose 4*c + 33 = -3*w - 4, 3*c = w + 8. Let x = m - w. Calculate the remainder when 6 is divided by x.
2
Let n be (-14)/(-2) - 3/1. Suppose 2*g - n + 0 = 0. Let i = g - -11. What is the remainder when i is divided by 7?
6
Suppose 7*v = 3*v + 48. Let r = 71 + -48. What is the remainder when r is divided by v?
11
Suppose -3*u = 2 - 44. Let f(l) = 11*l - 4. Let m be (-1 + (-14)/(-10))*10. What is the remainder when f(m) is divided by u?
12
What is the remainder when 3*-33*8/(-36) is divided by 69/6 + (-3)/(-6)?
10
Let b(j) = j**3 - 12*j**2 + j. What is the remainder when 22 is divided by b(12)?
10
Let k be 7 + 2/3*6. Suppose 3*y = 2*y + k. What is the remainder when y is divided by 7?
4
Let b(k) = k**3 - 9*k**2 + 11*k - 12. Let h = -3 + 3. Let p = 33 - h. Calculate the remainder when p is divided by b(8).
9
Let r be -2 